+ 52. Let z be t(13). Calculate the greatest common divisor of 13 and z.
13
Let b = -1776 + 4275. What is the greatest common divisor of 231 and b?
21
Let w = -10551 - -10789. Calculate the greatest common factor of 3128 and w.
34
Suppose 73*g - 65*g + 22500 = 33*g. What is the greatest common divisor of g and 828?
36
Suppose 2*p = 14*p - 2256. Let l = p - 108. Suppose -3*i + l = -4*g, -50 - 65 = -5*i + 3*g. What is the highest common factor of 70 and i?
10
Let d be 2*(-19 + 2)*(-1)/16*8. Suppose -11*c = -7*c - 204. Calculate the highest common factor of d and c.
17
Let m be 194/22 - 9 - 2478/(-77). What is the highest common factor of 11488 and m?
32
Suppose -4*w - h = -42 - 52, 2*w - 46 = -h. What is the highest common divisor of w and 280?
8
Let s(z) = z + 12. Let r be s(12). Suppose -30 = r*m - 21*m. Let p be 10/(m/(-25) + 0). Calculate the greatest common factor of 175 and p.
25
Let h be ((-18)/4 + 4)*(11 + (-101 - 28)). Suppose 0 = -3*s + 906 + 687. Calculate the greatest common factor of s and h.
59
Let r be (-38 - 0)/(2/(-17)) + 1. Suppose -4*j + 2*b = -282, 52*j - 53*j + 60 = -4*b. What is the highest common factor of r and j?
36
Suppose -9*h = -18*h - 6507. Let v = -353 - h. What is the highest common divisor of v and 10?
10
Let g(i) = 4*i - 2. Let p be g(3). Suppose 149 = -70*r + 359. Suppose -r*u + p*u = 35. Calculate the greatest common factor of u and 35.
5
Let m(p) = 37*p + 14. Let o be m(4). Let j = -146 + o. Let b be 1026/8 - (-1)/(-4). What is the highest common factor of j and b?
16
Let u = 481 - 249. Suppose -4*a - 88 = -5*r - 6*a, -3*a = -12. What is the greatest common divisor of u and r?
8
Suppose 0 = -3*p - 4*b + 260, -310 = -4*p + b + b. Let k = 32807 + -32797. Calculate the highest common divisor of p and k.
10
Let f(x) = x**2 + 30*x - 433. Let w be f(-42). What is the greatest common divisor of 10650 and w?
71
Suppose 0 = 4*n + 2*y + 44436 - 282994, -4*y = 5*n - 298190. Calculate the highest common factor of n and 11.
11
Suppose -2*m + 13486 = 9*m. Suppose 25*i - 27*i - m = 0. Let j = 901 + i. Calculate the greatest common divisor of 32 and j.
32
Suppose 3*m + 3 = -3, 4*m = 3*a - 20. Let j be (-6)/a*(-2 - 18). Let n(k) = 283*k + 2842. Let q be n(-10). Calculate the highest common divisor of q and j.
6
Let b be (225/(-45))/(2/(-52)). Calculate the greatest common divisor of b and 320.
10
Suppose 4*h - 1168 = 45*z - 43*z, 875 = 3*h - z. What is the highest common factor of 388 and h?
97
Let d = 95 + 247. Let v = -104 + d. Suppose -132*x + 306 = -123*x. Calculate the greatest common divisor of x and v.
34
Suppose 9*h = -21*h + 124450 - 10240. What is the greatest common factor of 141 and h?
141
Let m = -431 + 639. Let d(z) = 187*z**2 + 1842*z - 20. Let h be d(-10). Calculate the greatest common factor of m and h.
52
Let w(s) = 30*s - 67. Let i be w(14). Let b = -321 + i. Calculate the greatest common divisor of 128 and b.
32
Let m = -11619 + 11621. Suppose 7*a - 24 = 3*a. What is the highest common divisor of m and a?
2
Let y be (-48)/9*(-3)/2. Suppose q = -0*q + y. Let v be 0 - (0 + 3 + -30 + 25). What is the greatest common factor of v and q?
2
Suppose 4*z - 155 = t, -5*t - 4*z = -2*z + 709. Let h be (89 + t)*4/(-6). Suppose 2*v - 108 = -0*v. What is the greatest common divisor of h and v?
18
Let n(m) = 13*m**2 - 77*m + 333. Let o be n(5). What is the greatest common factor of 780 and o?
39
Let k be 399/27 - 2/(-9). Let i(c) = -8*c**3 + c**2 - 4*c - 4. Let v be i(-1). Calculate the highest common factor of v and k.
3
Suppose x - 5*g - 2 = 0, -7*x + 5*g + 110 = -2*x. Calculate the highest common factor of x and 192.
3
Let x = -95 + 109. Suppose -x*g + 18*g = -444. Let b = 114 + g. What is the highest common divisor of 24 and b?
3
Suppose 25*n = 19*n - 2436. Let a = n - -461. Suppose 2*o - 22 = o. What is the highest common divisor of o and a?
11
Suppose -2*b + 702 = -560. Let u be b/9 - (-30)/(-270). What is the greatest common divisor of u and 50?
10
Suppose 653 + 831 = 2*s - 2*k, 2966 = 4*s - 2*k. Let n = -279 + s. What is the greatest common divisor of 28 and n?
14
Suppose 73*y + 1768 = 86*y. Suppose 0 = -138*i + 140*i - y. Calculate the highest common factor of i and 442.
34
Let v(a) be the third derivative of -a**4/12 - 5*a**3/3 - 23*a**2. Let r be v(-6). Let h = 92 + -70. Calculate the greatest common divisor of r and h.
2
Let y = 126 - -147. What is the greatest common factor of y and 3367?
91
Let w(z) = 195*z**3 - 2*z + 1. Let a be w(1). Let s = a + -150. What is the highest common factor of s and 352?
44
Let n be (120099/(-28))/((-3)/4). Calculate the highest common divisor of n and 133.
133
Let j(a) = a**2 + 5*a + 18. Let o be j(-3). Let x be (-31)/3*(-27)/9. Let s = 91 - x. Calculate the highest common factor of o and s.
12
Let w = 1956 - 1786. What is the greatest common factor of 3145 and w?
85
Let r = 101 + -84. Let o be 0/((1 - -1)/(-2)). Suppose 0 = 5*g - 2*b - 423, o*g - 2*g = -5*b - 165. Calculate the highest common factor of r and g.
17
Let p = 24105 - 24079. What is the greatest common divisor of 17121 and p?
13
Let k = 81 + -70. Suppose c + k - 19 = 0. What is the greatest common divisor of c and 8?
8
Let w(k) = -32*k**3 - 28*k**2 - 114*k + 8. Let v be w(-4). What is the greatest common factor of v and 48?
48
Suppose 0 = -17*i - 18 - 16. Let u be (-847)/14*i*1. Suppose 2*l + 4*p - 34 - 8 = 0, 23 = 3*l - 2*p. Calculate the greatest common divisor of l and u.
11
Suppose 5*s - 123 = -98. Suppose 1 = -s*f + 2*n, 4 - 2 = -n. Let z be (15 - 16)/(0 - f/(-22)). Calculate the greatest common divisor of z and 2.
2
Let z = 127 - 107. Suppose 0*d + z = q - d, -5*d - 55 = -2*q. What is the highest common factor of q and 375?
15
Let h be 3784/24*(22 + -7). Calculate the highest common divisor of h and 55.
55
Let y = -1 - -3. Let c(l) = l**2 - 3*l - 45. Let u be c(9). Suppose -5*i + 38 = 5*a - u*a, -i + 4*a = 2. Calculate the greatest common factor of y and i.
2
Let m(q) = 85*q**2 + 463*q - 12. Let n be m(-6). What is the greatest common factor of n and 4230?
90
Let o = 272 + -187. Let r = -25 + 30. Calculate the highest common divisor of o and r.
5
Let x be (-2054)/790 + 2563/5. Calculate the greatest common factor of 120 and x.
30
Let u be (19/38)/((-2)/4). Let j be (-7)/35*5*147/u. Calculate the greatest common factor of 21 and j.
21
Suppose -12*k - 1279 = -23875. What is the highest common divisor of 112 and k?
7
Suppose 2*j + 1090 + 472 = 4*f, 0 = -2*f + 4*j + 778. Calculate the highest common factor of 713 and f.
23
Let p = -176 - -297. Suppose -p = 2*u + 15. Let b = u - -77. What is the greatest common factor of 81 and b?
9
Let a(b) = 21*b + 83. Let s = 597 + -600. Let p be a(s). Calculate the highest common divisor of p and 340.
20
Let h(n) = n**2 + 120*n - 1105. Let f be h(-135). What is the greatest common divisor of f and 805?
115
Let u(j) = -2*j + 1115 + 4*j**2 - 1177 - 3*j**2. Let q be u(-8). Calculate the greatest common factor of q and 48.
6
Let f = -31661 - -36323. Calculate the highest common divisor of 112 and f.
14
Let c = 1433 - 1190. Calculate the highest common divisor of c and 45.
9
Let z be 32 + (-18 - -2) - 10. Calculate the greatest common divisor of 8544 and z.
6
Let k = 99 - 75. Suppose -3*v - 2*v = -2*f - 40302, 0 = 4*v - 4*f - 32244. Let l be ((-2)/(-4))/(v/(-1344) + 6). What is the greatest common divisor of k and l?
24
Let f = -28 + 32. Suppose 8 = w + f. Let d be (0 - (-5 + w))*(64 + 2). What is the greatest common factor of 33 and d?
33
Suppose s + d + 66 = 5*d, 205 = -5*s - 5*d. Let b = 41 + s. Let q be -1*(4 + b - 25). What is the greatest common factor of 65 and q?
13
Suppose 4*r - u = 937, -3*r + 5*u + 707 = -0*r. Calculate the highest common factor of r and 1326.
78
Suppose 5846*w = 5866*w - 880. Let g = 36 + 19. What is the greatest common divisor of g and w?
11
Suppose -32 = -4*b - 0*b. Let x(h) = 6*h**2 + 32*h - 8. Let r be x(-6). Suppose -r*t = -326 - 58. Calculate the highest common divisor of b and t.
8
Suppose -l - 102816 = -40*l - 24*l. Calculate the greatest common factor of 72 and l.
24
Let h = -60 - -96. Let u(g) = 42*g + 18. Let f be u(-2). Let r = 70 + f. What is the greatest common factor of h and r?
4
Let t(p) = 346 + 11*p**2 - 10*p + 4*p - 339. Let s be 